{"id":7,"date":"2025-07-19T12:59:08","date_gmt":"2025-07-19T12:59:08","guid":{"rendered":"http:\/\/taivoan.fr\/?page_id=7"},"modified":"2025-09-01T00:49:23","modified_gmt":"2025-09-01T00:49:23","slug":"mentions-legales","status":"publish","type":"page","link":"https:\/\/taivoan.fr\/index.php\/mentions-legales\/","title":{"rendered":"Mentions l\u00e9gales"},"content":{"rendered":"\n<p class=\"is-style-text-subtitle has-white-color has-text-color has-link-color wp-elements-13c67a74e617238af7913ba3916670b7\"><strong>Information \u00e9ditoriales<\/strong><\/p>\n\n\n\n<p class=\"is-style-text-subtitle has-white-color has-text-color has-link-color wp-elements-0fcb9f11e23886994eca3f7ae7363438\">Nom de l&rsquo;editeur:<\/p>\n\n\n\n<p class=\"has-white-color has-text-color has-link-color wp-elements-fd9f54796766087bfbdbacab8beb9482\">TAIVOAN Association de l&rsquo;art et de la culture franco ta\u00efwanaise<\/p>\n\n\n\n<p class=\"is-style-text-subtitle has-white-color has-text-color has-link-color wp-elements-70a6dcc4a7acac022f9e47f5494ecdf9\">Adresse de l&rsquo;association:<\/p>\n\n\n\n<p class=\"has-white-color has-text-color has-link-color wp-elements-c3602b40efab414ac24014cefb094f6c\">69 rue auguste blanqui 13006 Marseille<\/p>\n\n\n\n<p class=\"is-style-text-subtitle has-white-color has-text-color has-link-color wp-elements-5e8b42eac1531c4e299c1a0745476a63\"><strong>Responsable \u00e9ditoriale du site :<\/strong><\/p>\n\n\n\n<p class=\"has-white-color has-text-color has-link-color wp-elements-89029d90d612c8e74b0d6ea7cbe93fac\">HUANG Wei<\/p>\n\n\n\n<p class=\"is-style-text-subtitle has-white-color has-text-color has-link-color wp-elements-efa50f899f6206f727c65e6a84e9fd4e\">Num\u00e9ro de Siren \/Siret du si\u00e8ge social:<\/p>\n\n\n\n<p class=\"has-white-color has-text-color has-link-color wp-elements-2ee1e56a57aadc391c70ace76ab0d083\">942 665 985 \/ 942 665 985 00019 <\/p>\n\n\n\n<p class=\"is-style-text-subtitle has-white-color has-text-color has-link-color wp-elements-4913f4d9813d67116e7fcb2d7b019405\"><strong>Nom et adresse de l\u2019h\u00e9bergeur :<\/strong><\/p>\n\n\n\n<p class=\"has-white-color has-text-color has-link-color wp-elements-9a5944d8a89e64c022e1f4ed77603f37\"><strong>OVH<\/strong><\/p>\n\n\n\n<p class=\"has-white-color has-text-color has-link-color wp-elements-dce21aec4d4791054fb742572782d98c\">SAS au capital de 50 000 000 \u20ac<\/p>\n\n\n\n<p class=\"has-white-color has-text-color has-link-color wp-elements-0dcaf7805f7531ba2f40da6b0446b33e\">RCS Lille M\u00e9tropole 424 761 419 00045<br>Code APE 2620Z<br>N\u00b0 TVA : FR 22 424 761 419<br>Si\u00e8ge social : 2 rue Kellermann &#8211; 59100 Roubaix &#8211; France<\/p>\n\n\n\n<p class=\"is-style-text-subtitle has-white-color has-text-color has-link-color wp-elements-8d17f5db7bd86ba432e65a4fa1b3b2ed\">Donn\u00e9e personnelles :<\/p>\n\n\n\n<p class=\"has-white-color has-text-color has-link-color wp-elements-5e41c8cde5211e4956baa149add75768\"><strong>Informations relatives au R.G.P.D<\/strong><br>Conform\u00e9ment \u00e0 la loi n\u00b0 78-17 du 6 janvier 1978 relative \u00e0 l\u2019informatique, aux fichiers et aux libert\u00e9s, vous disposez d\u2019un droit d\u2019opposition (art. 26) d\u2019acc\u00e8s (art. 34 \u00e0 38), de rectification (art. 36) et de suppression des donn\u00e9es qui vous concernent. Vous pouvez exercer ce droit par courrier \u00e9lectronique \u00e0 Taivoan@outlook.fr . Taivoan.fr s\u2019engage \u00e0 la non-exploitation de vos donn\u00e9es, autrement que pour des statistiques purement internes, ou une inscription sur une liste de contact (pour les adresses mails uniquement). L\u2019association ne conduit aucune strat\u00e9gie quant \u00e0 leur exploitation commerciale, dans un but clair et affich\u00e9 du respect de la vie priv\u00e9e des utilisateurs.<\/p>\n\n\n\n<p class=\"has-white-color has-text-color has-link-color wp-elements-c645e628e62f8fbab9d9726851472d16\"><\/p>\n\n\n\n<p class=\"has-white-color has-text-color has-link-color wp-elements-c645e628e62f8fbab9d9726851472d16\"><\/p>\n","protected":false},"excerpt":{"rendered":"<p>Information \u00e9ditoriales Nom de l&rsquo;editeur: TAIVOAN Association de l&rsquo;art et de la culture franco ta\u00efwanaise Adresse de l&rsquo;association: 69 rue auguste blanqui 13006 Marseille Responsable \u00e9ditoriale du site : HUANG Wei Num\u00e9ro de Siren \/Siret du si\u00e8ge social: 942 665 985 \/ 942 665 985 00019 Nom et adresse de l\u2019h\u00e9bergeur : OVH SAS au [&hellip;]<\/p>\n","protected":false},"author":1,"featured_media":0,"parent":0,"menu_order":0,"comment_status":"closed","ping_status":"closed","template":"","meta":{"_seopress_robots_primary_cat":"","_seopress_titles_title":"","_seopress_titles_desc":"","_seopress_robots_index":"","footnotes":""},"class_list":["post-7","page","type-page","status-publish","hentry"],"_links":{"self":[{"href":"https:\/\/taivoan.fr\/index.php\/wp-json\/wp\/v2\/pages\/7","targetHints":{"allow":["GET"]}}],"collection":[{"href":"https:\/\/taivoan.fr\/index.php\/wp-json\/wp\/v2\/pages"}],"about":[{"href":"https:\/\/taivoan.fr\/index.php\/wp-json\/wp\/v2\/types\/page"}],"author":[{"embeddable":true,"href":"https:\/\/taivoan.fr\/index.php\/wp-json\/wp\/v2\/users\/1"}],"replies":[{"embeddable":true,"href":"https:\/\/taivoan.fr\/index.php\/wp-json\/wp\/v2\/comments?post=7"}],"version-history":[{"count":6,"href":"https:\/\/taivoan.fr\/index.php\/wp-json\/wp\/v2\/pages\/7\/revisions"}],"predecessor-version":[{"id":1362,"href":"https:\/\/taivoan.fr\/index.php\/wp-json\/wp\/v2\/pages\/7\/revisions\/1362"}],"wp:attachment":[{"href":"https:\/\/taivoan.fr\/index.php\/wp-json\/wp\/v2\/media?parent=7"}],"curies":[{"name":"wp","href":"https:\/\/api.w.org\/{rel}","templated":true}]}}