{"id":326,"date":"2025-07-24T13:02:04","date_gmt":"2025-07-24T13:02:04","guid":{"rendered":"http:\/\/taivoan.fr\/?page_id=326"},"modified":"2025-10-23T15:43:52","modified_gmt":"2025-10-23T15:43:52","slug":"adhesion","status":"publish","type":"page","link":"https:\/\/taivoan.fr\/index.php\/adhesion\/","title":{"rendered":"Adh\u00e9sion \u6703\u54e1\u52a0\u5165"},"content":{"rendered":"\n<h4 class=\"wp-block-heading has-text-color has-background has-link-color wp-elements-3cd12b9f01b81dd7282cd45114a312ec\" style=\"color:#ffffff96;background-color:#0000005c;font-size:20px\">Notre association : adh\u00e9sion \u00e0 partir de 3 euros<br>Remplissez le formulaire et adh\u00e9rez directement sur place.<br>Tous les lundis, de 18h \u00e0 20h, \u00e0 la<strong> <a href=\"https:\/\/maisondesassociations.marseille.fr\/\">Maison des Associations de Marseille<\/a><\/strong>.<br>Tous les mardi, de 17h \u00e0 19h30, au <a href=\"https:\/\/marseille.ifac.asso.fr\/centre-social-fissiaux-5-avenues\/\"><strong>Centre Fissiaux de IFAC Marseille<\/strong><\/a>. Une fois toutes les deux semaines, le mercredi \u00e0 partir de 16h, au <a href=\"https:\/\/theatreducentaure.com\/\"><strong>Th\u00e9\u00e2tre du Centaure<\/strong><\/a>.<br>Un autre mercredi, \u00e0 partir de 14h30, au <a href=\"https:\/\/www.letalus.com\/\"><strong>Talus<\/strong><\/a>.<\/h4>\n\n\n<style id=\"wpforms-css-vars-546-block-1a4d387a-8cde-427c-9855-2d67374e3635\">\n\t\t\t\t#wpforms-546.wpforms-block-1a4d387a-8cde-427c-9855-2d67374e3635 {\n\t\t\t\t--wpforms-field-size-input-height: 43px;\n--wpforms-field-size-input-spacing: 15px;\n--wpforms-field-size-font-size: 16px;\n--wpforms-field-size-line-height: 19px;\n--wpforms-field-size-padding-h: 14px;\n--wpforms-field-size-checkbox-size: 16px;\n--wpforms-field-size-sublabel-spacing: 5px;\n--wpforms-field-size-icon-size: 1;\n--wpforms-label-size-font-size: 16px;\n--wpforms-label-size-line-height: 19px;\n--wpforms-label-size-sublabel-font-size: 14px;\n--wpforms-label-size-sublabel-line-height: 17px;\n--wpforms-button-size-font-size: 17px;\n--wpforms-button-size-height: 41px;\n--wpforms-button-size-padding-h: 15px;\n--wpforms-button-size-margin-top: 10px;\n\t\t\t}\n\t\t\t<\/style><div class=\"wpforms-container wpforms-container-full wpforms-block wpforms-block-1a4d387a-8cde-427c-9855-2d67374e3635 wpforms-render-modern\" id=\"wpforms-546\"><form id=\"wpforms-form-546\" class=\"wpforms-validate wpforms-form wpforms-ajax-form\" data-formid=\"546\" method=\"post\" enctype=\"multipart\/form-data\" action=\"\/index.php\/wp-json\/wp\/v2\/pages\/326\" data-token=\"455eaffabd54212a46e2935d936bfdc8\" data-token-time=\"1775576473\"><noscript class=\"wpforms-error-noscript\">Veuillez activer JavaScript dans votre navigateur pour remplir ce formulaire.<\/noscript><div id=\"wpforms-error-noscript\" style=\"display: none;\">Veuillez activer JavaScript dans votre navigateur pour remplir ce formulaire.<\/div><div class=\"wpforms-field-container\"><div id=\"wpforms-546-field_1-container\" class=\"wpforms-field wpforms-field-name\" data-field-id=\"1\"><fieldset><legend class=\"wpforms-field-label\">Nom <span class=\"wpforms-required-label\" aria-hidden=\"true\">*<\/span><\/legend><div class=\"wpforms-field-row wpforms-field-medium\"><div class=\"wpforms-field-row-block wpforms-first wpforms-one-half\"><input type=\"text\" id=\"wpforms-546-field_1\" class=\"wpforms-field-name-first wpforms-field-required\" name=\"wpforms[fields][1][first]\" aria-errormessage=\"wpforms-546-field_1-error\" required><label for=\"wpforms-546-field_1\" class=\"wpforms-field-sublabel after\">Pr\u00e9nom<\/label><\/div><div class=\"wpforms-field-row-block wpforms-one-half\"><input type=\"text\" id=\"wpforms-546-field_1-last\" class=\"wpforms-field-name-last wpforms-field-required\" name=\"wpforms[fields][1][last]\" aria-errormessage=\"wpforms-546-field_1-last-error\" required><label for=\"wpforms-546-field_1-last\" class=\"wpforms-field-sublabel after\">Nom<\/label><\/div><\/div><\/fieldset><\/div><div id=\"wpforms-546-field_2-container\" class=\"wpforms-field wpforms-field-email\" data-field-id=\"2\"><label class=\"wpforms-field-label\" for=\"wpforms-546-field_2\">E-mail <span class=\"wpforms-required-label\" aria-hidden=\"true\">*<\/span><\/label><input type=\"email\" id=\"wpforms-546-field_2\" class=\"wpforms-field-medium wpforms-field-required\" name=\"wpforms[fields][2]\" spellcheck=\"false\" aria-errormessage=\"wpforms-546-field_2-error\" required><\/div>\t\t<div id=\"wpforms-546-field_4-container\"\n\t\t\tclass=\"wpforms-field wpforms-field-text\"\n\t\t\tdata-field-type=\"text\"\n\t\t\tdata-field-id=\"4\"\n\t\t\t>\n\t\t\t<label class=\"wpforms-field-label\" for=\"wpforms-546-field_4\" >message E-mail Nom<\/label>\n\t\t\t<input type=\"text\" id=\"wpforms-546-field_4\" class=\"wpforms-field-medium\" name=\"wpforms[fields][4]\" >\n\t\t<\/div>\n\t\t<div id=\"wpforms-546-field_3-container\" class=\"wpforms-field wpforms-field-textarea\" data-field-id=\"3\"><label class=\"wpforms-field-label\" for=\"wpforms-546-field_3\">Commentaire ou message<\/label><textarea id=\"wpforms-546-field_3\" class=\"wpforms-field-medium\" name=\"wpforms[fields][3]\" aria-errormessage=\"wpforms-546-field_3-error\" ><\/textarea><\/div><script>\n\t\t\t\t( function() {\n\t\t\t\t\tconst style = document.createElement( 'style' );\n\t\t\t\t\tstyle.appendChild( document.createTextNode( '#wpforms-546-field_4-container { position: absolute !important; overflow: hidden !important; display: inline !important; height: 1px !important; width: 1px !important; z-index: -1000 !important; padding: 0 !important; } #wpforms-546-field_4-container input { visibility: hidden; } #wpforms-conversational-form-page #wpforms-546-field_4-container label { counter-increment: none; }' ) );\n\t\t\t\t\tdocument.head.appendChild( style );\n\t\t\t\t\tdocument.currentScript?.remove();\n\t\t\t\t} )();\n\t\t\t<\/script><\/div><!-- .wpforms-field-container --><div class=\"wpforms-submit-container\" ><input type=\"hidden\" name=\"wpforms[id]\" value=\"546\"><input type=\"hidden\" name=\"page_title\" value=\"\"><input type=\"hidden\" name=\"page_url\" value=\"https:\/\/taivoan.fr\/index.php\/wp-json\/wp\/v2\/pages\/326\"><input type=\"hidden\" name=\"url_referer\" value=\"\"><button type=\"submit\" name=\"wpforms[submit]\" id=\"wpforms-submit-546\" class=\"wpforms-submit\" data-alt-text=\"Envoi...\" data-submit-text=\"Envoyer\" aria-live=\"assertive\" value=\"wpforms-submit\">Envoyer<\/button><img loading=\"lazy\" decoding=\"async\" src=\"https:\/\/taivoan.fr\/wp-content\/plugins\/wpforms-lite\/assets\/images\/submit-spin.svg\" class=\"wpforms-submit-spinner\" style=\"display: none;\" width=\"26\" height=\"26\" alt=\"Chargement en cours\"><\/div><\/form><\/div>  <!-- .wpforms-container -->\n\n","protected":false},"excerpt":{"rendered":"<p>Notre association : adh\u00e9sion \u00e0 partir de 3 eurosRemplissez le formulaire et adh\u00e9rez directement sur place.Tous les lundis, de 18h \u00e0 20h, \u00e0 la Maison des Associations de Marseille.Tous les mardi, de 17h \u00e0 19h30, au Centre Fissiaux de IFAC Marseille. Une fois toutes les deux semaines, le mercredi \u00e0 partir de 16h, au Th\u00e9\u00e2tre [&hellip;]<\/p>\n","protected":false},"author":1,"featured_media":0,"parent":0,"menu_order":0,"comment_status":"closed","ping_status":"closed","template":"","meta":{"_seopress_robots_primary_cat":"","_seopress_titles_title":"","_seopress_titles_desc":"","_seopress_robots_index":"","footnotes":""},"class_list":["post-326","page","type-page","status-publish","hentry"],"_links":{"self":[{"href":"https:\/\/taivoan.fr\/index.php\/wp-json\/wp\/v2\/pages\/326","targetHints":{"allow":["GET"]}}],"collection":[{"href":"https:\/\/taivoan.fr\/index.php\/wp-json\/wp\/v2\/pages"}],"about":[{"href":"https:\/\/taivoan.fr\/index.php\/wp-json\/wp\/v2\/types\/page"}],"author":[{"embeddable":true,"href":"https:\/\/taivoan.fr\/index.php\/wp-json\/wp\/v2\/users\/1"}],"replies":[{"embeddable":true,"href":"https:\/\/taivoan.fr\/index.php\/wp-json\/wp\/v2\/comments?post=326"}],"version-history":[{"count":26,"href":"https:\/\/taivoan.fr\/index.php\/wp-json\/wp\/v2\/pages\/326\/revisions"}],"predecessor-version":[{"id":1457,"href":"https:\/\/taivoan.fr\/index.php\/wp-json\/wp\/v2\/pages\/326\/revisions\/1457"}],"wp:attachment":[{"href":"https:\/\/taivoan.fr\/index.php\/wp-json\/wp\/v2\/media?parent=326"}],"curies":[{"name":"wp","href":"https:\/\/api.w.org\/{rel}","templated":true}]}}